{"id":553,"date":"2021-12-20T14:56:51","date_gmt":"2021-12-20T13:56:51","guid":{"rendered":"https:\/\/cnt-so.org\/auvergne\/?page_id=553"},"modified":"2022-02-10T00:23:44","modified_gmt":"2022-02-09T23:23:44","slug":"covid-19","status":"publish","type":"page","link":"https:\/\/cnt-so.org\/auvergne\/covid-19\/","title":{"rendered":"Covid 19"},"content":{"rendered":"\n<figure class=\"wp-block-embed is-type-wp-embed is-provider-ur-cnt-so-auvergne wp-block-embed-ur-cnt-so-auvergne\"><div class=\"wp-block-embed__wrapper\">\n<blockquote class=\"wp-embedded-content\" data-secret=\"VG6qmXoLj5\"><a href=\"https:\/\/cnt-so.org\/auvergne\/2020\/03\/31\/coronavirus-le-combat-pour-la-sante-et-la-defense-des-interets-des-travailleurs-euses-continue\/\">Coronavirus : le combat pour la sant\u00e9 et la d\u00e9fense des int\u00e9r\u00eats des travailleurs.euses continue !<\/a><\/blockquote><iframe loading=\"lazy\" class=\"wp-embedded-content\" sandbox=\"allow-scripts\" security=\"restricted\" style=\"position: absolute; visibility: hidden;\" title=\"\u00ab\u00a0Coronavirus : le combat pour la sant\u00e9 et la d\u00e9fense des int\u00e9r\u00eats des travailleurs.euses continue !\u00a0\u00bb &#8212; UR CNT-SO Auvergne \" src=\"https:\/\/cnt-so.org\/auvergne\/2020\/03\/31\/coronavirus-le-combat-pour-la-sante-et-la-defense-des-interets-des-travailleurs-euses-continue\/embed\/#?secret=YMJDFBWwjA#?secret=VG6qmXoLj5\" data-secret=\"VG6qmXoLj5\" width=\"580\" height=\"327\" frameborder=\"0\" marginwidth=\"0\" marginheight=\"0\" scrolling=\"no\"><\/iframe>\n<\/div><\/figure>\n\n\n\n<figure class=\"wp-block-embed is-type-wp-embed is-provider-ur-cnt-so-auvergne wp-block-embed-ur-cnt-so-auvergne\"><div class=\"wp-block-embed__wrapper\">\n<blockquote class=\"wp-embedded-content\" data-secret=\"Z7wTaS463h\"><a href=\"https:\/\/cnt-so.org\/auvergne\/2020\/05\/08\/droits-covid19-activite-partielle-dans-le-prive\/\">Droits COVID19 : Activit\u00e9 partielle (dans le priv\u00e9)<\/a><\/blockquote><iframe loading=\"lazy\" class=\"wp-embedded-content\" sandbox=\"allow-scripts\" security=\"restricted\" style=\"position: absolute; visibility: hidden;\" title=\"\u00ab\u00a0Droits COVID19 : Activit\u00e9 partielle (dans le priv\u00e9)\u00a0\u00bb &#8212; UR CNT-SO Auvergne \" src=\"https:\/\/cnt-so.org\/auvergne\/2020\/05\/08\/droits-covid19-activite-partielle-dans-le-prive\/embed\/#?secret=HE47vCoyvg#?secret=Z7wTaS463h\" data-secret=\"Z7wTaS463h\" width=\"580\" height=\"327\" frameborder=\"0\" marginwidth=\"0\" marginheight=\"0\" scrolling=\"no\"><\/iframe>\n<\/div><\/figure>\n\n\n\n<figure class=\"wp-block-embed is-type-wp-embed is-provider-ur-cnt-so-auvergne wp-block-embed-ur-cnt-so-auvergne\"><div class=\"wp-block-embed__wrapper\">\n<blockquote class=\"wp-embedded-content\" data-secret=\"Aj8BxmBv96\"><a href=\"https:\/\/cnt-so.org\/auvergne\/2020\/03\/30\/attention-attaques-sur-le-temps-de-travail\/\">Attention : attaques sur le temps de travail !<\/a><\/blockquote><iframe loading=\"lazy\" class=\"wp-embedded-content\" sandbox=\"allow-scripts\" security=\"restricted\" style=\"position: absolute; visibility: hidden;\" title=\"\u00ab\u00a0Attention : attaques sur le temps de travail !\u00a0\u00bb &#8212; UR CNT-SO Auvergne \" src=\"https:\/\/cnt-so.org\/auvergne\/2020\/03\/30\/attention-attaques-sur-le-temps-de-travail\/embed\/#?secret=xVlOyxH1O6#?secret=Aj8BxmBv96\" data-secret=\"Aj8BxmBv96\" width=\"580\" height=\"327\" frameborder=\"0\" marginwidth=\"0\" marginheight=\"0\" scrolling=\"no\"><\/iframe>\n<\/div><\/figure>\n\n\n\n<figure class=\"wp-block-embed is-type-wp-embed is-provider-ur-cnt-so-auvergne wp-block-embed-ur-cnt-so-auvergne\"><div class=\"wp-block-embed__wrapper\">\n<blockquote class=\"wp-embedded-content\" data-secret=\"INRTPidZ4F\"><a href=\"https:\/\/cnt-so.org\/auvergne\/2021\/11\/22\/politique-sanitaire-communique-de-la-cnt-so\/\">Politique sanitaire : communiqu\u00e9 de la CNT-SO<\/a><\/blockquote><iframe loading=\"lazy\" class=\"wp-embedded-content\" sandbox=\"allow-scripts\" security=\"restricted\" style=\"position: absolute; visibility: hidden;\" title=\"\u00ab\u00a0Politique sanitaire : communiqu\u00e9 de la CNT-SO\u00a0\u00bb &#8212; UR CNT-SO Auvergne \" src=\"https:\/\/cnt-so.org\/auvergne\/2021\/11\/22\/politique-sanitaire-communique-de-la-cnt-so\/embed\/#?secret=eDVESjsJn0#?secret=INRTPidZ4F\" data-secret=\"INRTPidZ4F\" width=\"580\" height=\"327\" frameborder=\"0\" marginwidth=\"0\" marginheight=\"0\" scrolling=\"no\"><\/iframe>\n<\/div><\/figure>\n\n\n\n<p><\/p>\n","protected":false},"excerpt":{"rendered":"","protected":false},"author":5,"featured_media":0,"parent":0,"menu_order":0,"comment_status":"closed","ping_status":"closed","template":"","meta":{"footnotes":""},"class_list":["post-553","page","type-page","status-publish","hentry"],"_links":{"self":[{"href":"https:\/\/cnt-so.org\/auvergne\/wp-json\/wp\/v2\/pages\/553","targetHints":{"allow":["GET"]}}],"collection":[{"href":"https:\/\/cnt-so.org\/auvergne\/wp-json\/wp\/v2\/pages"}],"about":[{"href":"https:\/\/cnt-so.org\/auvergne\/wp-json\/wp\/v2\/types\/page"}],"author":[{"embeddable":true,"href":"https:\/\/cnt-so.org\/auvergne\/wp-json\/wp\/v2\/users\/5"}],"replies":[{"embeddable":true,"href":"https:\/\/cnt-so.org\/auvergne\/wp-json\/wp\/v2\/comments?post=553"}],"version-history":[{"count":7,"href":"https:\/\/cnt-so.org\/auvergne\/wp-json\/wp\/v2\/pages\/553\/revisions"}],"predecessor-version":[{"id":1203,"href":"https:\/\/cnt-so.org\/auvergne\/wp-json\/wp\/v2\/pages\/553\/revisions\/1203"}],"wp:attachment":[{"href":"https:\/\/cnt-so.org\/auvergne\/wp-json\/wp\/v2\/media?parent=553"}],"curies":[{"name":"wp","href":"https:\/\/api.w.org\/{rel}","templated":true}]}}