{"id":2,"date":"2023-07-10T09:54:51","date_gmt":"2023-07-10T07:54:51","guid":{"rendered":"https:\/\/cnt-so.org\/education\/?page_id=2"},"modified":"2023-07-12T15:48:40","modified_gmt":"2023-07-12T13:48:40","slug":"actualites-luttes","status":"publish","type":"page","link":"https:\/\/cnt-so.org\/education\/actualites-luttes\/","title":{"rendered":"Actualit\u00e9s &#8211; luttes"},"content":{"rendered":"\n<div class=\"wp-block-columns is-layout-flex wp-container-core-columns-is-layout-9d6595d7 wp-block-columns-is-layout-flex\">\n<div class=\"wp-block-column is-layout-flow wp-block-column-is-layout-flow\" style=\"flex-basis:86.66%\"><ul class=\"wp-block-latest-posts__list has-dates alignwide wp-block-latest-posts\"><li><div class=\"wp-block-latest-posts__featured-image\"><img loading=\"lazy\" decoding=\"async\" width=\"150\" height=\"150\" src=\"https:\/\/cnt-so.org\/education\/wp-content\/uploads\/sites\/9\/2025\/06\/cnt_so_nettoyage_ensemble_plus_forts-150x150.png\" class=\"attachment-thumbnail size-thumbnail wp-post-image\" alt=\"\" style=\"\" \/><\/div><a class=\"wp-block-latest-posts__post-title\" href=\"https:\/\/cnt-so.org\/education\/2025\/06\/19\/nettoyage-nouvelle-grille-de-salaire-2025\/\">Nettoyage : nouvelle grille de salaire 2025<\/a><time datetime=\"2025-06-19T09:07:49+02:00\" class=\"wp-block-latest-posts__post-date\">19 juin 2025<\/time><div class=\"wp-block-latest-posts__post-excerpt\">La nouvelle grille de salaire des salari\u00e9.e.s du secteur du nettoyage (convention collective 3043) est sortie. V\u00e9rifiez bien que d\u00e8s votre bulletin de salaire du mois de Juin 2025, les augmentations sont appliqu\u00e9es, quelque soit votre qualification. Une nouveaut\u00e9 : les salari\u00e9.e.s avec 25 ans d&rsquo;exp\u00e9rience ont d\u00e9sormais une prime d&rsquo;exp\u00e9rience \u00e0 hauteur 7% du\u2026 <a class=\"wp-block-latest-posts__read-more\" href=\"https:\/\/cnt-so.org\/education\/2025\/06\/19\/nettoyage-nouvelle-grille-de-salaire-2025\/\" rel=\"noopener noreferrer\">Lire la suite<span class=\"screen-reader-text\">\u00a0: Nettoyage : nouvelle grille de salaire 2025<\/span><\/a><\/div><\/li>\n<li><div class=\"wp-block-latest-posts__featured-image\"><img loading=\"lazy\" decoding=\"async\" width=\"150\" height=\"150\" src=\"https:\/\/cnt-so.org\/education\/wp-content\/uploads\/sites\/9\/2023\/07\/cnt_so_education_non_au_pacte2-150x150.png\" class=\"attachment-thumbnail size-thumbnail wp-post-image\" alt=\"\" style=\"\" \/><\/div><a class=\"wp-block-latest-posts__post-title\" href=\"https:\/\/cnt-so.org\/education\/2023\/07\/10\/non-au-pacte2\/\">Pour que l\u2019\u00c9cole ne soit pas un enfer : nous ne signerons pas le pacte !<\/a><time datetime=\"2023-07-10T09:54:51+02:00\" class=\"wp-block-latest-posts__post-date\">10 juillet 2023<\/time><div class=\"wp-block-latest-posts__post-excerpt\">Apr\u00e8s des mois de tergiversations, le \u00ab&nbsp;choc d\u2019attractivit\u00e9&nbsp;\u00bb pour nos m\u00e9tiers, annonc\u00e9 par le gouvernement depuis les Pr\u00e9sidentielles, aura accouch\u00e9&nbsp;d\u2019une revalorisation salariale (socle) ind\u00e9cente et d\u2019un nouveau monstre manag\u00e9rial (Pacte) qui va diviser les personnels et fractionner nos collectifs de travail. La CNT-SO \u00c9ducation appelle les coll\u00e8gues \u00e0 ne pas signer ce Pacte et \u00e0\u2026 <a class=\"wp-block-latest-posts__read-more\" href=\"https:\/\/cnt-so.org\/education\/2023\/07\/10\/non-au-pacte2\/\" rel=\"noopener noreferrer\">Lire la suite<span class=\"screen-reader-text\">\u00a0: Pour que l\u2019\u00c9cole ne soit pas un enfer : nous ne signerons pas le pacte !<\/span><\/a><\/div><\/li>\n<li><div class=\"wp-block-latest-posts__featured-image\"><img loading=\"lazy\" decoding=\"async\" width=\"150\" height=\"150\" src=\"https:\/\/cnt-so.org\/education\/wp-content\/uploads\/sites\/9\/2023\/07\/cnt_so_greve_06_06_23_education-150x150.png\" class=\"attachment-thumbnail size-thumbnail wp-post-image\" alt=\"\" style=\"\" \/><\/div><a class=\"wp-block-latest-posts__post-title\" href=\"https:\/\/cnt-so.org\/education\/2023\/06\/05\/education-reforme-des-retraites-salaires-reforme-de-la-voie-pro-toutes-et-tous-en-greve-le-6-juin\/\">Education : R\u00e9forme des retraites, salaires, r\u00e9forme de la voie pro\u2026 Toutes et tous en gr\u00e8ve le 6 juin !<\/a><time datetime=\"2023-06-05T14:17:00+02:00\" class=\"wp-block-latest-posts__post-date\">5 juin 2023<\/time><div class=\"wp-block-latest-posts__post-excerpt\">Si l\u2019exceptionnelle mobilisation qui dure depuis plusieurs mois semble avoir marqu\u00e9 un arr\u00eat, les casserolades \u00e0 chaque d\u00e9placement d\u2019un membre du gouvernement en t\u00e9moignent : nous ne voulons toujours pas travailler deux ans de plus ! SNU sur le temps scolaire, pacte et revalorisations salariales inacceptables, r\u00e9forme de la voie pro\u2026 Ce ne sont pas\u2026 <a class=\"wp-block-latest-posts__read-more\" href=\"https:\/\/cnt-so.org\/education\/2023\/06\/05\/education-reforme-des-retraites-salaires-reforme-de-la-voie-pro-toutes-et-tous-en-greve-le-6-juin\/\" rel=\"noopener noreferrer\">Lire la suite<span class=\"screen-reader-text\">\u00a0: Education : R\u00e9forme des retraites, salaires, r\u00e9forme de la voie pro\u2026 Toutes et tous en gr\u00e8ve le 6 juin !<\/span><\/a><\/div><\/li>\n<\/ul><\/div>\n\n\n\n<div class=\"wp-block-column is-layout-flow wp-block-column-is-layout-flow\" style=\"flex-basis:33.33%\">\n<div class=\"wp-block-buttons is-layout-flex wp-block-buttons-is-layout-flex\">\n<div class=\"wp-block-button\"><a class=\"wp-block-button__link\" href=\"http:\/\/contact\">ADHERER<\/a><\/div>\n<\/div>\n\n\n\n<hr class=\"wp-block-separator alignfull\" \/>\n\n\n\n<div class=\"wp-block-buttons is-layout-flex wp-block-buttons-is-layout-flex\">\n<div class=\"wp-block-button\"><a class=\"wp-block-button__link\">TOUS LES COMMUNIQU\u00c9S ET LES ARTICLES<\/a><\/div>\n<\/div>\n<\/div>\n<\/div>\n","protected":false},"excerpt":{"rendered":"","protected":false},"author":13,"featured_media":0,"parent":0,"menu_order":0,"comment_status":"closed","ping_status":"open","template":"","meta":{"footnotes":""},"class_list":["post-2","page","type-page","status-publish","hentry"],"_links":{"self":[{"href":"https:\/\/cnt-so.org\/education\/wp-json\/wp\/v2\/pages\/2","targetHints":{"allow":["GET"]}}],"collection":[{"href":"https:\/\/cnt-so.org\/education\/wp-json\/wp\/v2\/pages"}],"about":[{"href":"https:\/\/cnt-so.org\/education\/wp-json\/wp\/v2\/types\/page"}],"author":[{"embeddable":true,"href":"https:\/\/cnt-so.org\/education\/wp-json\/wp\/v2\/users\/13"}],"replies":[{"embeddable":true,"href":"https:\/\/cnt-so.org\/education\/wp-json\/wp\/v2\/comments?post=2"}],"version-history":[{"count":6,"href":"https:\/\/cnt-so.org\/education\/wp-json\/wp\/v2\/pages\/2\/revisions"}],"predecessor-version":[{"id":53,"href":"https:\/\/cnt-so.org\/education\/wp-json\/wp\/v2\/pages\/2\/revisions\/53"}],"wp:attachment":[{"href":"https:\/\/cnt-so.org\/education\/wp-json\/wp\/v2\/media?parent=2"}],"curies":[{"name":"wp","href":"https:\/\/api.w.org\/{rel}","templated":true}]}}